 -10 + 35. What is the highest common divisor of 5 and p?
5
Suppose -8 = 5*t - 28. Suppose -t*i + 84 = -132. What is the highest common divisor of 6 and i?
6
Let x be 21/6 + (-1)/(-2). Let k = -5 - -10. Suppose 4*d = -0*q - k*q + 140, 4*q - 143 = 3*d. Calculate the greatest common divisor of q and x.
4
Let u be 0 - 2/(-2 - 0). Let x be ((-3)/(-4))/((-6)/(-8)). Calculate the highest common factor of x and u.
1
Let q = -10 - -20. Suppose -55 = -5*u + 145. Calculate the greatest common factor of u and q.
10
Suppose -10*u + 77 = -3*u. Suppose 5*p - 44 = 4*p. Calculate the highest common divisor of p and u.
11
Suppose 231 = 10*t + 31. Suppose 0 = 2*g - k - 36, -5*k = -g + 6*g - 120. Calculate the highest common divisor of t and g.
20
Let p be ((-11)/(11/6))/(-1). What is the greatest common factor of 96 and p?
6
Let g be -1 - (4 + -3)*(-1 + -50). What is the greatest common factor of g and 125?
25
Let h = -6 + 6. Let z be 3 + 1 + h - 0. Calculate the greatest common factor of z and 28.
4
Suppose -k + n = -3*n + 3, -4*n = 3*k - 39. What is the highest common factor of k and 99?
9
Let b be 2/(-5) - (-668)/20. Let m be 6/3 - (7 - -2). Let t = -4 - m. Calculate the highest common divisor of t and b.
3
Let b be (0 - -7)*20/14. Suppose d + 3*d = l + 8, 5*d - b = l. Calculate the greatest common divisor of 1 and d.
1
Let a = 24 + -16. Calculate the highest common divisor of 8 and a.
8
Suppose 32 = -2*w + 6*w. Let r(j) = -j**2 - 3*j + 1. Let s be r(-3). What is the greatest common factor of s and w?
1
Let m(f) = -2 - 1 - 3*f - f + 2*f. Let p be m(-6). Suppose 3*b = -0*b + p. Calculate the greatest common factor of 3 and b.
3
Suppose 0*r - 2*r + 10 = -z, -5*z + 40 = 5*r. Let l(s) = 3*s + 6. Let c be l(r). Calculate the highest common divisor of c and 3.
3
Suppose -t - 3*p + 101 = 0, 0 = 4*t - p + 180 - 571. Calculate the greatest common divisor of t and 14.
14
Let y = 6 + -2. Suppose y = 3*p - 14. Let l = 182 + -116. Calculate the highest common divisor of l and p.
6
Let u be (-2 + 27/6)*(-36)/(-5). Let c(j) = -j**2 + j - 4. Let l be c(3). Let n be (0 - 24/l)*5. What is the greatest common divisor of n and u?
6
Suppose -3*l + 2*o + 2*o + 11 = 0, -4*o + 4 = 0. Let k(t) = -2*t**2 + t**2 + 4*t + l*t**2 - 3. Let a be k(3). Calculate the greatest common divisor of a and 30.
15
Let z = 31 + -9. Calculate the highest common divisor of 22 and z.
22
Let r(a) = -2*a - 13. Let m be r(-16). Calculate the greatest common divisor of m and 95.
19
Suppose q - 3*q + 72 = 0. Let u be 4/(-10) + (-62)/(-5). Calculate the greatest common factor of q and u.
12
Let j be 2/9 - 2580/(-54). Calculate the highest common divisor of j and 6.
6
Let t = 106 + -62. Let d = 75 - t. Suppose 3 = -3*q + 2*q, 2*b = -q + d. Calculate the highest common factor of b and 153.
17
Let f(y) = -y + 8. Let s be f(6). What is the greatest common divisor of 2 and s?
2
Let n(b) = -b**3 + 7*b**2 - 7*b + 8. Let y be n(6). Let i(l) = 1 + 0 - l**2 - 3*l + l**3 + 2*l. Let v be i(3). Calculate the highest common divisor of v and y.
2
Let o be (4 - 0)*3/(-3). Let k = 84 + o. Suppose 6*u - k = u. What is the highest common divisor of 2 and u?
2
Suppose 5*k + 48 + 22 = 0. Let t = -9 - 0. Let f = t - k. Calculate the highest common factor of 25 and f.
5
Suppose u = 3*u + 4, -c - 3*u = 4. Suppose 3*l = 6, 0*l = -c*q - l + 4. Let x be q/2*(0 - -26). What is the greatest common factor of 52 and x?
13
Let n = -107 + 189. Calculate the highest common divisor of n and 41.
41
Let y be 1 + -2 - 0 - -2. Let d(c) = 1 + 32*c + 0*c - 37*c + 124*c. Let f be d(y). Calculate the highest common factor of 15 and f.
15
Let j = 34 + -20. Calculate the highest common factor of 7 and j.
7
Let k(w) = -w**2 + 11*w + 24. Let r be k(11). Calculate the greatest common divisor of r and 120.
24
Let k = 42 - -8. What is the highest common factor of 20 and k?
10
Let z be ((-2)/(-4))/((-2)/4). Let s be z*(-9)/(1*-3). Let i = s + 18. Calculate the greatest common factor of 60 and i.
15
Suppose 0 = 3*j + 24 - 3. Let k(x) = -4*x - 10. Let o be k(j). What is the highest common divisor of o and 18?
18
Let u(t) = t**3 + 6*t**2 + 2*t - 6. Let q be 9/(-3) + 1 + -3. Let j be u(q). What is the highest common factor of j and 81?
9
Let q be ((-66)/(-8))/((-1)/(-4)). Calculate the highest common factor of 33 and q.
33
Let v be ((-8)/6)/(6/45). Let i = v + 20. What is the greatest common factor of 70 and i?
10
Suppose -4*y + 0*y + 14 = 3*p, -4*p + 18 = 5*y. What is the highest common divisor of 7 and y?
1
Suppose 0 = 3*j - 0*j - 1176. Let n be (-2)/(-5) - j/(-20). What is the greatest common factor of n and 50?
10
Let n be 2/5*(-15)/(-1). Let d(j) = j**2 - 5*j - 7. Let m be d(n). Let l(u) = -18*u. Let y be l(m). What is the highest common divisor of y and 18?
18
Let k be ((-6)/9)/(-1)*24. Suppose -2*d + r = -12, -2*d + 3*d - 3*r = 16. Calculate the highest common factor of d and k.
4
Suppose -4*q + 2 = -2*m - 0, -m - 16 = -5*q. Suppose -5*n = -u - n - 9, 5*u - 2*n = -m. Let r be u/2*80/(-4). What is the highest common divisor of r and 15?
5
Let o(d) = 0 - 6 - 8*d + 10*d**2 - 2*d**2. Let y be o(5). Calculate the greatest common divisor of 22 and y.
22
Suppose -18 = -3*l + 51. Calculate the greatest common factor of 23 and l.
23
Let l = 344 - 234. What is the greatest common divisor of 10 and l?
10
Let g(q) = q**2 - 5*q + 2. Let n be g(6). What is the highest common factor of 56 and n?
8
Suppose 4*s - 215 - 105 = 0. What is the greatest common divisor of 32 and s?
16
Let l(t) = -t**3 + 4*t**2 - 6*t + 2. Let q be l(4). Let z = 42 + q. What is the highest common divisor of 50 and z?
10
Let p(j) = j + 22. Let v be p(0). Suppose -w - 3 = -x + w, -4*w = 0. Suppose -x*i + 3 = -30. Calculate the greatest common factor of i and v.
11
Let s be -2*(1 + 6/(-4)). Let a = s + 0. Suppose -4*n = -3*n - a. What is the greatest common factor of n and 2?
1
Let k be 56/(-6)*3/(-2). Suppose 3*p - k = 2*p. Suppose 4*v - 8 = -20, -4*v = -3*c + 306. Calculate the greatest common divisor of p and c.
14
Suppose -3*o - 60 = -3*s, 0 = s + o - 4*o - 16. Calculate the highest common factor of 198 and s.
22
Suppose 1 = -w + 2*i, 5*w - 4*i = -0*i + 7. Let j(r) = -3*r - 3. Let c be j(-3). What is the greatest common divisor of w and c?
3
Suppose t + 5*d - 82 = -2*t, -t = -4*d + 1. What is the greatest common divisor of 152 and t?
19
Let t = -91 - -140. Let b be (-1)/3 - t/(-21). Suppose -3*p + 5*j = -16, -2*p - 7*j + b*j = -44. Calculate the highest common factor of 24 and p.
12
Let x(c) = -5*c. Let y be x(-2). Let l(f) = -f**2 + 17*f + 10. Let z be l(17). What is the highest common divisor of y and z?
10
Suppose 0 = 3*p - 13*p + 220. What is the highest common divisor of 33 and p?
11
Suppose -3*j = j - 16. Suppose -j*n + 165 = -n. Let t = 66 - 44. What is the greatest common factor of t and n?
11
Suppose 3*j = 12, -j + 26 = 5*h + 3*j. Suppose 9*w + 26 = 170. What is the highest common factor of h and w?
2
Suppose -2*m + 5*o = 14, -16 - 11 = -5*m - 3*o. Let s be m/(2/(-30)*-3). What is the greatest common factor of s and 165?
15
Let t = 61 - -2. What is the highest common factor of 42 and t?
21
Let m(i) = -i**3 - 5*i**2 + 3*i + 4. Let n be m(-6). Calculate the highest common factor of n and 11.
11
Suppose 1 - 13 = -3*r. What is the greatest common divisor of 4 and r?
4
Suppose -v = 2*d - 1, v + 8 = 3*v - 2*d. Calculate the highest common factor of v and 2.
1
Suppose 3*o - 256 = 4*g, 3*g + 274 = 3*o + 8*g. What is the greatest common divisor of 8 and o?
8
Let c = -86 + 398. Calculate the highest common factor of 39 and c.
39
Let w = -25 + 49. Suppose 4*m = -0*m + 12. What is the highest common divisor of w and m?
3
Suppose -5*q + 2*q + 66 = 0. Let z(a) = a**3 - 5*a**2 - 7*a - 5. Let c be z(7). Calculate the greatest common factor of c and q.
22
Suppose 0 = -3*p, y = 2*p + 3*p + 10. What is the highest common divisor of y and 10?
10
Suppose 5*k + s = -0*k + 33, 25 = 5*k + 5*s. What is the highest common factor of k and 35?
7
Suppose -4*x = -3*h + 587, -3*h + 3*x + 438 = -153. Let b = -371 + h. Let q be 3/15*-2*b. What is the greatest common factor of 17 and q?
17
Let a(f) = 8*f - 35. Let i be a(9). Calculate the highest common divisor of i and 37.
37
Let z(m) = -m**3 + 6*m**2 - 5*m + 5. Le